{"id":1931,"date":"2026-03-04T16:59:04","date_gmt":"2026-03-04T21:59:04","guid":{"rendered":"https:\/\/www.oaq.com\/ressources\/?post_type=faq&#038;p=1931"},"modified":"2026-03-23T10:37:02","modified_gmt":"2026-03-23T14:37:02","slug":"est-ce-quun-bureau-darchitectes-peut-etre-sous-traitant-dun-entrepreneur-general","status":"publish","type":"faq","link":"https:\/\/www.oaq.com\/ressources\/faq\/est-ce-quun-bureau-darchitectes-peut-etre-sous-traitant-dun-entrepreneur-general\/","title":{"rendered":"Est-ce qu\u2019un bureau d\u2019architectes peut \u00eatre sous-traitant d\u2019un entrepreneur g\u00e9n\u00e9ral?"},"content":{"rendered":"\n<p>Oui, pour autant que les services sont retenus dans le cadre d\u2019un projet offert au terme d\u2019un projet cl\u00e9s en main, et ce, conform\u00e9ment au paragraphe&nbsp;3 de l\u2019article&nbsp;40 du <a href=\"https:\/\/www.legisquebec.gouv.qc.ca\/fr\/document\/rc\/A-21,%20r.%205.1%20\/\">Code de d\u00e9ontologie des architectes<\/a>. Consultez \u00e0 ce sujet la fiche d\u2019aide \u00e0 la pratique <a href=\"https:\/\/www.oaq.com\/ressources\/publications-ordre\/contrats-quest-ce-quun-projet-cles-en-main\/\">\u00ab&nbsp;Contrats&nbsp;: qu\u2019est-ce qu\u2019un projet cl\u00e9s en main?&nbsp;\u00bb<\/a>.<\/p>\n\n\n\n<p>Les services pourraient \u00e9galement \u00eatre retenus si ceux-ci ne rel\u00e8vent pas du champ d\u2019exercice exclusif de l\u2019architecte, et ce, conform\u00e9ment au paragraphe&nbsp;5 de l\u2019article&nbsp;40 du <a href=\"https:\/\/www.legisquebec.gouv.qc.ca\/fr\/document\/rc\/A-21,%20r.%205.1%20\/\">Code de d\u00e9ontologie des architectes<\/a> (ex. b\u00e2timent vis\u00e9 par l\u2019article&nbsp;16.1 de la <a href=\"https:\/\/www.legisquebec.gouv.qc.ca\/fr\/document\/lc\/A-21\">Loi sur les architectes<\/a>, services en gestion de projets, \u00e9tudes d\u2019avant-projet, etc.).<\/p>\n\n\n\n<p>Dans tous les cas, l\u2019architecte ne rel\u00e8ve jamais de l\u2019entrepreneur g\u00e9n\u00e9ral. Elle ou il doit conserver son ind\u00e9pendance professionnelle dans l\u2019exercice de sa profession.<\/p>\n\n\n\n<p><\/p>\n","protected":false},"featured_media":2021,"template":"","subject":[80,67],"class_list":["post-1931","faq","type-faq","status-publish","has-post-thumbnail","hentry","subject-collaboration-multidisciplinaire","subject-deontologie"],"acf":[],"yoast_head":"<!-- This site is optimized with the Yoast SEO plugin v27.2 - https:\/\/yoast.com\/product\/yoast-seo-wordpress\/ -->\n<title>Est-ce qu\u2019un bureau d\u2019architectes peut \u00eatre sous-traitant d\u2019un entrepreneur g\u00e9n\u00e9ral? - Espace Ressources<\/title>\n<meta name=\"robots\" content=\"index, follow, max-snippet:-1, max-image-preview:large, max-video-preview:-1\" \/>\n<link rel=\"canonical\" href=\"https:\/\/www.oaq.com\/ressources\/faq\/est-ce-quun-bureau-darchitectes-peut-etre-sous-traitant-dun-entrepreneur-general\/\" \/>\n<meta property=\"og:locale\" content=\"fr_CA\" \/>\n<meta property=\"og:type\" content=\"article\" \/>\n<meta property=\"og:title\" content=\"Est-ce qu\u2019un bureau d\u2019architectes peut \u00eatre sous-traitant d\u2019un entrepreneur g\u00e9n\u00e9ral? - Espace Ressources\" \/>\n<meta property=\"og:description\" content=\"Oui, pour autant que les services sont retenus dans le cadre d\u2019un projet offert au terme d\u2019un projet cl\u00e9s en&hellip;\" \/>\n<meta property=\"og:url\" content=\"https:\/\/www.oaq.com\/ressources\/faq\/est-ce-quun-bureau-darchitectes-peut-etre-sous-traitant-dun-entrepreneur-general\/\" \/>\n<meta property=\"og:site_name\" content=\"Espace Ressources\" \/>\n<meta property=\"article:modified_time\" content=\"2026-03-23T14:37:02+00:00\" \/>\n<meta property=\"og:image\" content=\"https:\/\/www.oaq.com\/ressources\/wp-content\/uploads\/sites\/2\/2026\/03\/architecte-entrepreneur-e1774276550697.jpg\" \/>\n\t<meta property=\"og:image:width\" content=\"900\" \/>\n\t<meta property=\"og:image:height\" content=\"600\" \/>\n\t<meta property=\"og:image:type\" content=\"image\/jpeg\" \/>\n<meta name=\"twitter:card\" content=\"summary_large_image\" \/>\n<meta name=\"twitter:label1\" content=\"Estimation du temps de lecture\" \/>\n\t<meta name=\"twitter:data1\" content=\"1 minute\" \/>\n<script type=\"application\/ld+json\" class=\"yoast-schema-graph\">{\"@context\":\"https:\/\/schema.org\",\"@graph\":[{\"@type\":\"WebPage\",\"@id\":\"https:\/\/www.oaq.com\/ressources\/faq\/est-ce-quun-bureau-darchitectes-peut-etre-sous-traitant-dun-entrepreneur-general\/\",\"url\":\"https:\/\/www.oaq.com\/ressources\/faq\/est-ce-quun-bureau-darchitectes-peut-etre-sous-traitant-dun-entrepreneur-general\/\",\"name\":\"Est-ce qu\u2019un bureau d\u2019architectes peut \u00eatre sous-traitant d\u2019un entrepreneur g\u00e9n\u00e9ral? - Espace Ressources\",\"isPartOf\":{\"@id\":\"https:\/\/www.oaq.com\/ressources\/#website\"},\"primaryImageOfPage\":{\"@id\":\"https:\/\/www.oaq.com\/ressources\/faq\/est-ce-quun-bureau-darchitectes-peut-etre-sous-traitant-dun-entrepreneur-general\/#primaryimage\"},\"image\":{\"@id\":\"https:\/\/www.oaq.com\/ressources\/faq\/est-ce-quun-bureau-darchitectes-peut-etre-sous-traitant-dun-entrepreneur-general\/#primaryimage\"},\"thumbnailUrl\":\"https:\/\/www.oaq.com\/ressources\/wp-content\/uploads\/sites\/2\/2026\/03\/architecte-entrepreneur-e1774276550697.jpg\",\"datePublished\":\"2026-03-04T21:59:04+00:00\",\"dateModified\":\"2026-03-23T14:37:02+00:00\",\"breadcrumb\":{\"@id\":\"https:\/\/www.oaq.com\/ressources\/faq\/est-ce-quun-bureau-darchitectes-peut-etre-sous-traitant-dun-entrepreneur-general\/#breadcrumb\"},\"inLanguage\":\"fr-CA\",\"potentialAction\":[{\"@type\":\"ReadAction\",\"target\":[\"https:\/\/www.oaq.com\/ressources\/faq\/est-ce-quun-bureau-darchitectes-peut-etre-sous-traitant-dun-entrepreneur-general\/\"]}]},{\"@type\":\"ImageObject\",\"inLanguage\":\"fr-CA\",\"@id\":\"https:\/\/www.oaq.com\/ressources\/faq\/est-ce-quun-bureau-darchitectes-peut-etre-sous-traitant-dun-entrepreneur-general\/#primaryimage\",\"url\":\"https:\/\/www.oaq.com\/ressources\/wp-content\/uploads\/sites\/2\/2026\/03\/architecte-entrepreneur-e1774276550697.jpg\",\"contentUrl\":\"https:\/\/www.oaq.com\/ressources\/wp-content\/uploads\/sites\/2\/2026\/03\/architecte-entrepreneur-e1774276550697.jpg\",\"width\":900,\"height\":600,\"caption\":\"Photo: iStock\/AmnajKhetsamtip\"},{\"@type\":\"BreadcrumbList\",\"@id\":\"https:\/\/www.oaq.com\/ressources\/faq\/est-ce-quun-bureau-darchitectes-peut-etre-sous-traitant-dun-entrepreneur-general\/#breadcrumb\",\"itemListElement\":[{\"@type\":\"ListItem\",\"position\":1,\"name\":\"Accueil\",\"item\":\"https:\/\/www.oaq.com\/ressources\/\"},{\"@type\":\"ListItem\",\"position\":2,\"name\":\"Est-ce qu\u2019un bureau d\u2019architectes peut \u00eatre sous-traitant d\u2019un entrepreneur g\u00e9n\u00e9ral?\"}]},{\"@type\":\"WebSite\",\"@id\":\"https:\/\/www.oaq.com\/ressources\/#website\",\"url\":\"https:\/\/www.oaq.com\/ressources\/\",\"name\":\"Espace Ressources\",\"description\":\"\",\"potentialAction\":[{\"@type\":\"SearchAction\",\"target\":{\"@type\":\"EntryPoint\",\"urlTemplate\":\"https:\/\/www.oaq.com\/ressources\/?s={search_term_string}\"},\"query-input\":{\"@type\":\"PropertyValueSpecification\",\"valueRequired\":true,\"valueName\":\"search_term_string\"}}],\"inLanguage\":\"fr-CA\"}]}<\/script>\n<!-- \/ Yoast SEO plugin. -->","yoast_head_json":{"title":"Est-ce qu\u2019un bureau d\u2019architectes peut \u00eatre sous-traitant d\u2019un entrepreneur g\u00e9n\u00e9ral? - Espace Ressources","robots":{"index":"index","follow":"follow","max-snippet":"max-snippet:-1","max-image-preview":"max-image-preview:large","max-video-preview":"max-video-preview:-1"},"canonical":"https:\/\/www.oaq.com\/ressources\/faq\/est-ce-quun-bureau-darchitectes-peut-etre-sous-traitant-dun-entrepreneur-general\/","og_locale":"fr_CA","og_type":"article","og_title":"Est-ce qu\u2019un bureau d\u2019architectes peut \u00eatre sous-traitant d\u2019un entrepreneur g\u00e9n\u00e9ral? - Espace Ressources","og_description":"Oui, pour autant que les services sont retenus dans le cadre d\u2019un projet offert au terme d\u2019un projet cl\u00e9s en&hellip;","og_url":"https:\/\/www.oaq.com\/ressources\/faq\/est-ce-quun-bureau-darchitectes-peut-etre-sous-traitant-dun-entrepreneur-general\/","og_site_name":"Espace Ressources","article_modified_time":"2026-03-23T14:37:02+00:00","og_image":[{"width":900,"height":600,"url":"https:\/\/www.oaq.com\/ressources\/wp-content\/uploads\/sites\/2\/2026\/03\/architecte-entrepreneur-e1774276550697.jpg","type":"image\/jpeg"}],"twitter_card":"summary_large_image","twitter_misc":{"Estimation du temps de lecture":"1 minute"},"schema":{"@context":"https:\/\/schema.org","@graph":[{"@type":"WebPage","@id":"https:\/\/www.oaq.com\/ressources\/faq\/est-ce-quun-bureau-darchitectes-peut-etre-sous-traitant-dun-entrepreneur-general\/","url":"https:\/\/www.oaq.com\/ressources\/faq\/est-ce-quun-bureau-darchitectes-peut-etre-sous-traitant-dun-entrepreneur-general\/","name":"Est-ce qu\u2019un bureau d\u2019architectes peut \u00eatre sous-traitant d\u2019un entrepreneur g\u00e9n\u00e9ral? - Espace Ressources","isPartOf":{"@id":"https:\/\/www.oaq.com\/ressources\/#website"},"primaryImageOfPage":{"@id":"https:\/\/www.oaq.com\/ressources\/faq\/est-ce-quun-bureau-darchitectes-peut-etre-sous-traitant-dun-entrepreneur-general\/#primaryimage"},"image":{"@id":"https:\/\/www.oaq.com\/ressources\/faq\/est-ce-quun-bureau-darchitectes-peut-etre-sous-traitant-dun-entrepreneur-general\/#primaryimage"},"thumbnailUrl":"https:\/\/www.oaq.com\/ressources\/wp-content\/uploads\/sites\/2\/2026\/03\/architecte-entrepreneur-e1774276550697.jpg","datePublished":"2026-03-04T21:59:04+00:00","dateModified":"2026-03-23T14:37:02+00:00","breadcrumb":{"@id":"https:\/\/www.oaq.com\/ressources\/faq\/est-ce-quun-bureau-darchitectes-peut-etre-sous-traitant-dun-entrepreneur-general\/#breadcrumb"},"inLanguage":"fr-CA","potentialAction":[{"@type":"ReadAction","target":["https:\/\/www.oaq.com\/ressources\/faq\/est-ce-quun-bureau-darchitectes-peut-etre-sous-traitant-dun-entrepreneur-general\/"]}]},{"@type":"ImageObject","inLanguage":"fr-CA","@id":"https:\/\/www.oaq.com\/ressources\/faq\/est-ce-quun-bureau-darchitectes-peut-etre-sous-traitant-dun-entrepreneur-general\/#primaryimage","url":"https:\/\/www.oaq.com\/ressources\/wp-content\/uploads\/sites\/2\/2026\/03\/architecte-entrepreneur-e1774276550697.jpg","contentUrl":"https:\/\/www.oaq.com\/ressources\/wp-content\/uploads\/sites\/2\/2026\/03\/architecte-entrepreneur-e1774276550697.jpg","width":900,"height":600,"caption":"Photo: iStock\/AmnajKhetsamtip"},{"@type":"BreadcrumbList","@id":"https:\/\/www.oaq.com\/ressources\/faq\/est-ce-quun-bureau-darchitectes-peut-etre-sous-traitant-dun-entrepreneur-general\/#breadcrumb","itemListElement":[{"@type":"ListItem","position":1,"name":"Accueil","item":"https:\/\/www.oaq.com\/ressources\/"},{"@type":"ListItem","position":2,"name":"Est-ce qu\u2019un bureau d\u2019architectes peut \u00eatre sous-traitant d\u2019un entrepreneur g\u00e9n\u00e9ral?"}]},{"@type":"WebSite","@id":"https:\/\/www.oaq.com\/ressources\/#website","url":"https:\/\/www.oaq.com\/ressources\/","name":"Espace Ressources","description":"","potentialAction":[{"@type":"SearchAction","target":{"@type":"EntryPoint","urlTemplate":"https:\/\/www.oaq.com\/ressources\/?s={search_term_string}"},"query-input":{"@type":"PropertyValueSpecification","valueRequired":true,"valueName":"search_term_string"}}],"inLanguage":"fr-CA"}]}},"_links":{"self":[{"href":"https:\/\/www.oaq.com\/ressources\/wp-json\/wp\/v2\/faq\/1931","targetHints":{"allow":["GET"]}}],"collection":[{"href":"https:\/\/www.oaq.com\/ressources\/wp-json\/wp\/v2\/faq"}],"about":[{"href":"https:\/\/www.oaq.com\/ressources\/wp-json\/wp\/v2\/types\/faq"}],"wp:featuredmedia":[{"embeddable":true,"href":"https:\/\/www.oaq.com\/ressources\/wp-json\/wp\/v2\/media\/2021"}],"wp:attachment":[{"href":"https:\/\/www.oaq.com\/ressources\/wp-json\/wp\/v2\/media?parent=1931"}],"wp:term":[{"taxonomy":"subject","embeddable":true,"href":"https:\/\/www.oaq.com\/ressources\/wp-json\/wp\/v2\/subject?post=1931"}],"curies":[{"name":"wp","href":"https:\/\/api.w.org\/{rel}","templated":true}]}}

Est-ce qu’un bureau d’architectes peut être sous-traitant d’un entrepreneur général?

<p>Oui, pour autant que les services sont retenus dans le cadre d’un projet offert au terme d’un projet clés en main, et ce, conformément au paragraphe&nbsp;3 de l’article&nbsp;40 du <a href="https://www.legisquebec.gouv.qc.ca/fr/document/rc/A-21,%20r.%205.1%20/">Code de déontologie des architectes</a>. Consultez à ce sujet la fiche d’aide à la pratique <a href="https://www.oaq.com/ressources/publications-ordre/contrats-quest-ce-quun-projet-cles-en-main/">«&nbsp;Contrats&nbsp;: qu’est-ce qu’un projet clés en main?&nbsp;»</a>.</p>



<p>Les services pourraient également être retenus si ceux-ci ne relèvent pas du champ d’exercice exclusif de l’architecte, et ce, conformément au paragraphe&nbsp;5 de l’article&nbsp;40 du <a href="https://www.legisquebec.gouv.qc.ca/fr/document/rc/A-21,%20r.%205.1%20/">Code de déontologie des architectes</a> (ex. bâtiment visé par l’article&nbsp;16.1 de la <a href="https://www.legisquebec.gouv.qc.ca/fr/document/lc/A-21">Loi sur les architectes</a>, services en gestion de projets, études d’avant-projet, etc.).</p>



<p>Dans tous les cas, l’architecte ne relève jamais de l’entrepreneur général. Elle ou il doit conserver son indépendance professionnelle dans l’exercice de sa profession.</p>



<p></p>

<!-- This site is optimized with the Yoast SEO plugin v27.2 - https://yoast.com/product/yoast-seo-wordpress/ -->
<title>Est-ce qu’un bureau d’architectes peut être sous-traitant d’un entrepreneur général? - Espace Ressources</title>
<meta name="robots" content="index, follow, max-snippet:-1, max-image-preview:large, max-video-preview:-1" />
<link rel="canonical" href="https://www.oaq.com/ressources/faq/est-ce-quun-bureau-darchitectes-peut-etre-sous-traitant-dun-entrepreneur-general/" />
<meta property="og:locale" content="fr_CA" />
<meta property="og:type" content="article" />
<meta property="og:title" content="Est-ce qu’un bureau d’architectes peut être sous-traitant d’un entrepreneur général? - Espace Ressources" />
<meta property="og:description" content="Oui, pour autant que les services sont retenus dans le cadre d’un projet offert au terme d’un projet clés en&hellip;" />
<meta property="og:url" content="https://www.oaq.com/ressources/faq/est-ce-quun-bureau-darchitectes-peut-etre-sous-traitant-dun-entrepreneur-general/" />
<meta property="og:site_name" content="Espace Ressources" />
<meta property="article:modified_time" content="2026-03-23T14:37:02+00:00" />
<meta property="og:image" content="https://www.oaq.com/ressources/wp-content/uploads/sites/2/2026/03/architecte-entrepreneur-e1774276550697.jpg" />
	<meta property="og:image:width" content="900" />
	<meta property="og:image:height" content="600" />
	<meta property="og:image:type" content="image/jpeg" />
<meta name="twitter:card" content="summary_large_image" />
<meta name="twitter:label1" content="Estimation du temps de lecture" />
	<meta name="twitter:data1" content="1 minute" />
<script type="application/ld+json" class="yoast-schema-graph">{"@context":"https://schema.org","@graph":[{"@type":"WebPage","@id":"https://www.oaq.com/ressources/faq/est-ce-quun-bureau-darchitectes-peut-etre-sous-traitant-dun-entrepreneur-general/","url":"https://www.oaq.com/ressources/faq/est-ce-quun-bureau-darchitectes-peut-etre-sous-traitant-dun-entrepreneur-general/","name":"Est-ce qu’un bureau d’architectes peut être sous-traitant d’un entrepreneur général? - Espace Ressources","isPartOf":{"@id":"https://www.oaq.com/ressources/#website"},"primaryImageOfPage":{"@id":"https://www.oaq.com/ressources/faq/est-ce-quun-bureau-darchitectes-peut-etre-sous-traitant-dun-entrepreneur-general/#primaryimage"},"image":{"@id":"https://www.oaq.com/ressources/faq/est-ce-quun-bureau-darchitectes-peut-etre-sous-traitant-dun-entrepreneur-general/#primaryimage"},"thumbnailUrl":"https://www.oaq.com/ressources/wp-content/uploads/sites/2/2026/03/architecte-entrepreneur-e1774276550697.jpg","datePublished":"2026-03-04T21:59:04+00:00","dateModified":"2026-03-23T14:37:02+00:00","breadcrumb":{"@id":"https://www.oaq.com/ressources/faq/est-ce-quun-bureau-darchitectes-peut-etre-sous-traitant-dun-entrepreneur-general/#breadcrumb"},"inLanguage":"fr-CA","potentialAction":[{"@type":"ReadAction","target":["https://www.oaq.com/ressources/faq/est-ce-quun-bureau-darchitectes-peut-etre-sous-traitant-dun-entrepreneur-general/"]}]},{"@type":"ImageObject","inLanguage":"fr-CA","@id":"https://www.oaq.com/ressources/faq/est-ce-quun-bureau-darchitectes-peut-etre-sous-traitant-dun-entrepreneur-general/#primaryimage","url":"https://www.oaq.com/ressources/wp-content/uploads/sites/2/2026/03/architecte-entrepreneur-e1774276550697.jpg","contentUrl":"https://www.oaq.com/ressources/wp-content/uploads/sites/2/2026/03/architecte-entrepreneur-e1774276550697.jpg","width":900,"height":600,"caption":"Photo: iStock/AmnajKhetsamtip"},{"@type":"BreadcrumbList","@id":"https://www.oaq.com/ressources/faq/est-ce-quun-bureau-darchitectes-peut-etre-sous-traitant-dun-entrepreneur-general/#breadcrumb","itemListElement":[{"@type":"ListItem","position":1,"name":"Accueil","item":"https://www.oaq.com/ressources/"},{"@type":"ListItem","position":2,"name":"Est-ce qu’un bureau d’architectes peut être sous-traitant d’un entrepreneur général?"}]},{"@type":"WebSite","@id":"https://www.oaq.com/ressources/#website","url":"https://www.oaq.com/ressources/","name":"Espace Ressources","description":"","potentialAction":[{"@type":"SearchAction","target":{"@type":"EntryPoint","urlTemplate":"https://www.oaq.com/ressources/?s={search_term_string}"},"query-input":{"@type":"PropertyValueSpecification","valueRequired":true,"valueName":"search_term_string"}}],"inLanguage":"fr-CA"}]}</script>
<!-- / Yoast SEO plugin. -->

Est-ce qu’un bureau d’architectes peut être sous-traitant d’un entrepreneur général? - Espace Ressources

Oui, pour autant que les services sont retenus dans le cadre d’un projet offert au terme d’un projet clés en&hellip;
