{"id":15,"date":"2025-11-03T17:14:11","date_gmt":"2025-11-03T22:14:11","guid":{"rendered":"https:\/\/www.oaq.com\/ressources\/?page_id=15"},"modified":"2025-12-04T15:26:39","modified_gmt":"2025-12-04T20:26:39","slug":"faq","status":"publish","type":"page","link":"https:\/\/www.oaq.com\/ressources\/faq\/","title":{"rendered":"FAQ"},"content":{"rendered":"<section class=\"block-listing alignwide\"\n>\n    <div class=\"block-listing__filters\">\n      <div class=\"facetwp-facet facetwp-facet-listing_search facetwp-type-search\" data-name=\"listing_search\" data-type=\"search\"><\/div>      <div class=\"facetwp-facet facetwp-facet-global_subjects facetwp-type-radio\" data-name=\"global_subjects\" data-type=\"radio\"><\/div>    <\/div>\n    <div class=\"block-listing__listing facetwp-template\">\n      \n<div class=\"post-item post-item--faq\">\n  <a class=\"post-item__inner\" href=\"https:\/\/www.oaq.com\/ressources\/faq\/quelles-sont-les-obligations-de-larchitecte-en-lien-avec-les-plateformes-de-collaboration\/\">\n    <div class=\"post-item__thumbnail-wrapper\">\n      <img loading=\"lazy\" decoding=\"async\" width=\"1024\" height=\"695\" src=\"https:\/\/www.oaq.com\/ressources\/wp-content\/uploads\/sites\/2\/2026\/02\/chantier-plateforme-de-collaboration-e1775591133784-1024x695.jpg\" class=\"attachment-large size-large wp-post-image\" alt=\"\" srcset=\"https:\/\/www.oaq.com\/ressources\/wp-content\/uploads\/sites\/2\/2026\/02\/chantier-plateforme-de-collaboration-e1775591133784-1024x695.jpg 1024w, https:\/\/www.oaq.com\/ressources\/wp-content\/uploads\/sites\/2\/2026\/02\/chantier-plateforme-de-collaboration-e1775591133784-300x204.jpg 300w, https:\/\/www.oaq.com\/ressources\/wp-content\/uploads\/sites\/2\/2026\/02\/chantier-plateforme-de-collaboration-e1775591133784-768x522.jpg 768w, https:\/\/www.oaq.com\/ressources\/wp-content\/uploads\/sites\/2\/2026\/02\/chantier-plateforme-de-collaboration-e1775591133784.jpg 1094w\" sizes=\"auto, (max-width: 1024px) 100vw, 1024px\" \/>    <\/div>\n    <div class=\"post-item__content-wrapper\">\n                    <p class=\"post-item__date\">7 avril 2026<\/p>\n            <p class=\"post-item__title\">Quelles sont les obligations de l\u2019architecte en lien avec les plateformes de collaboration ?<\/p>\n      <p class=\"post-item__read-more\">\n        <span class=\"read-more-label\">Lire la suite<\/span>\n        <span class=\"read-more-icon icon-chevron-right\"><\/span>\n      <\/p>\n    <\/div>\n  <\/a>\n<\/div>\n\n<div class=\"post-item post-item--faq\">\n  <a class=\"post-item__inner\" href=\"https:\/\/www.oaq.com\/ressources\/faq\/est-ce-que-larchitecte-peut-surveiller-des-travaux-dont-la-conception-a-ete-effectuee-par-un-ou-une-autre-architecte\/\">\n    <div class=\"post-item__thumbnail-wrapper\">\n      <img loading=\"lazy\" decoding=\"async\" width=\"1024\" height=\"683\" src=\"https:\/\/www.oaq.com\/ressources\/wp-content\/uploads\/sites\/2\/2026\/03\/surveillance-des-travaux-1024x683.jpg\" class=\"attachment-large size-large wp-post-image\" alt=\"\" srcset=\"https:\/\/www.oaq.com\/ressources\/wp-content\/uploads\/sites\/2\/2026\/03\/surveillance-des-travaux-1024x683.jpg 1024w, https:\/\/www.oaq.com\/ressources\/wp-content\/uploads\/sites\/2\/2026\/03\/surveillance-des-travaux-768x513.jpg 768w\" sizes=\"auto, (max-width: 1024px) 100vw, 1024px\" \/>    <\/div>\n    <div class=\"post-item__content-wrapper\">\n                    <p class=\"post-item__date\">7 avril 2026<\/p>\n            <p class=\"post-item__title\">Est-ce que l\u2019architecte peut surveiller des travaux dont la conception a \u00e9t\u00e9 effectu\u00e9e par un ou une autre architecte?<\/p>\n      <p class=\"post-item__read-more\">\n        <span class=\"read-more-label\">Lire la suite<\/span>\n        <span class=\"read-more-icon icon-chevron-right\"><\/span>\n      <\/p>\n    <\/div>\n  <\/a>\n<\/div>\n\n<div class=\"post-item post-item--faq\">\n  <a class=\"post-item__inner\" href=\"https:\/\/www.oaq.com\/ressources\/faq\/sans-mandat-de-surveillance-des-travaux-est-ce-que-larchitecte-peut-se-presenter-au-chantier\/\">\n    <div class=\"post-item__thumbnail-wrapper\">\n      <img loading=\"lazy\" decoding=\"async\" width=\"1024\" height=\"683\" src=\"https:\/\/www.oaq.com\/ressources\/wp-content\/uploads\/sites\/2\/2026\/02\/architecte-au-chantier.jpg\" class=\"attachment-large size-large wp-post-image\" alt=\"\" \/>    <\/div>\n    <div class=\"post-item__content-wrapper\">\n                    <p class=\"post-item__date\">25 mars 2026<\/p>\n            <p class=\"post-item__title\">Sans mandat de surveillance des travaux, est-ce que l\u2019architecte peut se pr\u00e9senter au chantier?<\/p>\n      <p class=\"post-item__read-more\">\n        <span class=\"read-more-label\">Lire la suite<\/span>\n        <span class=\"read-more-icon icon-chevron-right\"><\/span>\n      <\/p>\n    <\/div>\n  <\/a>\n<\/div>\n\n<div class=\"post-item post-item--faq\">\n  <a class=\"post-item__inner\" href=\"https:\/\/www.oaq.com\/ressources\/faq\/est-ce-que-larchitecte-doit-repondre-aux-differentes-questions-en-cours-de-chantier-en-labsence-de-mandat-de-surveillance-de-chantier\/\">\n    <div class=\"post-item__thumbnail-wrapper\">\n      <img loading=\"lazy\" decoding=\"async\" width=\"1024\" height=\"633\" src=\"https:\/\/www.oaq.com\/ressources\/wp-content\/uploads\/sites\/2\/2026\/03\/cellulaire-main-e1774466829583-1024x633.jpg\" class=\"attachment-large size-large wp-post-image\" alt=\"\" srcset=\"https:\/\/www.oaq.com\/ressources\/wp-content\/uploads\/sites\/2\/2026\/03\/cellulaire-main-e1774466829583-1024x633.jpg 1024w, https:\/\/www.oaq.com\/ressources\/wp-content\/uploads\/sites\/2\/2026\/03\/cellulaire-main-e1774466829583-300x186.jpg 300w, https:\/\/www.oaq.com\/ressources\/wp-content\/uploads\/sites\/2\/2026\/03\/cellulaire-main-e1774466829583-768x475.jpg 768w\" sizes=\"auto, (max-width: 1024px) 100vw, 1024px\" \/>    <\/div>\n    <div class=\"post-item__content-wrapper\">\n                    <p class=\"post-item__date\">25 mars 2026<\/p>\n            <p class=\"post-item__title\">Est-ce que l\u2019architecte doit r\u00e9pondre aux diff\u00e9rentes questions en cours de chantier en l\u2019absence de mandat de surveillance de chantier?<\/p>\n      <p class=\"post-item__read-more\">\n        <span class=\"read-more-label\">Lire la suite<\/span>\n        <span class=\"read-more-icon icon-chevron-right\"><\/span>\n      <\/p>\n    <\/div>\n  <\/a>\n<\/div>\n\n<div class=\"post-item post-item--faq\">\n  <a class=\"post-item__inner\" href=\"https:\/\/www.oaq.com\/ressources\/faq\/est-il-obligatoire-pour-les-architectes-de-fournir-leurs-documents-natifs-dwg-rvt-doc-etc-a-leurs-clients\/\">\n    <div class=\"post-item__thumbnail-wrapper\">\n      <img loading=\"lazy\" decoding=\"async\" width=\"1024\" height=\"683\" src=\"https:\/\/www.oaq.com\/ressources\/wp-content\/uploads\/sites\/2\/2026\/01\/plans-numeriques.jpg\" class=\"attachment-large size-large wp-post-image\" alt=\"\" \/>    <\/div>\n    <div class=\"post-item__content-wrapper\">\n                    <p class=\"post-item__date\">25 mars 2026<\/p>\n            <p class=\"post-item__title\">Est-il obligatoire pour les architectes de fournir leurs documents natifs (DWG, RVT, DOC, etc.) \u00e0 leurs clients?<\/p>\n      <p class=\"post-item__read-more\">\n        <span class=\"read-more-label\">Lire la suite<\/span>\n        <span class=\"read-more-icon icon-chevron-right\"><\/span>\n      <\/p>\n    <\/div>\n  <\/a>\n<\/div>\n\n<div class=\"post-item post-item--faq\">\n  <a class=\"post-item__inner\" href=\"https:\/\/www.oaq.com\/ressources\/faq\/peut-on-tenir-larchitecte-responsable-des-ecarts-entre-son-estimation-des-couts-de-construction-et-la-soumission-retenue\/\">\n    <div class=\"post-item__thumbnail-wrapper\">\n      <img loading=\"lazy\" decoding=\"async\" width=\"1024\" height=\"683\" src=\"https:\/\/www.oaq.com\/ressources\/wp-content\/uploads\/sites\/2\/2026\/03\/estimation-1024x683.jpg\" class=\"attachment-large size-large wp-post-image\" alt=\"\" srcset=\"https:\/\/www.oaq.com\/ressources\/wp-content\/uploads\/sites\/2\/2026\/03\/estimation-1024x683.jpg 1024w, https:\/\/www.oaq.com\/ressources\/wp-content\/uploads\/sites\/2\/2026\/03\/estimation-300x200.jpg 300w, https:\/\/www.oaq.com\/ressources\/wp-content\/uploads\/sites\/2\/2026\/03\/estimation-768x512.jpg 768w, https:\/\/www.oaq.com\/ressources\/wp-content\/uploads\/sites\/2\/2026\/03\/estimation-e1774376099229.jpg 900w\" sizes=\"auto, (max-width: 1024px) 100vw, 1024px\" \/>    <\/div>\n    <div class=\"post-item__content-wrapper\">\n                    <p class=\"post-item__date\">25 mars 2026<\/p>\n            <p class=\"post-item__title\">Peut-on tenir l\u2019architecte responsable des \u00e9carts entre son estimation des co\u00fbts de construction et la soumission retenue?<\/p>\n      <p class=\"post-item__read-more\">\n        <span class=\"read-more-label\">Lire la suite<\/span>\n        <span class=\"read-more-icon icon-chevron-right\"><\/span>\n      <\/p>\n    <\/div>\n  <\/a>\n<\/div>\n\n<div class=\"post-item post-item--faq\">\n  <a class=\"post-item__inner\" href=\"https:\/\/www.oaq.com\/ressources\/faq\/est-ce-que-larchitecte-peut-refuser-un-mandat-qui-comporte-trop-de-risques\/\">\n    <div class=\"post-item__thumbnail-wrapper\">\n      <img loading=\"lazy\" decoding=\"async\" width=\"1024\" height=\"683\" src=\"https:\/\/www.oaq.com\/ressources\/wp-content\/uploads\/sites\/2\/2026\/03\/analyse-document-1024x683.jpg\" class=\"attachment-large size-large wp-post-image\" alt=\"\" \/>    <\/div>\n    <div class=\"post-item__content-wrapper\">\n                    <p class=\"post-item__date\">25 mars 2026<\/p>\n            <p class=\"post-item__title\">Est-ce que l\u2019architecte peut refuser un mandat qui comporte trop de risques?<\/p>\n      <p class=\"post-item__read-more\">\n        <span class=\"read-more-label\">Lire la suite<\/span>\n        <span class=\"read-more-icon icon-chevron-right\"><\/span>\n      <\/p>\n    <\/div>\n  <\/a>\n<\/div>\n\n<div class=\"post-item post-item--faq\">\n  <a class=\"post-item__inner\" href=\"https:\/\/www.oaq.com\/ressources\/faq\/quelles-annotations-doivent-apparaitre-sur-tout-document-prepare-par-larchitecte\/\">\n    <div class=\"post-item__thumbnail-wrapper\">\n      <img loading=\"lazy\" decoding=\"async\" width=\"806\" height=\"623\" src=\"https:\/\/www.oaq.com\/ressources\/wp-content\/uploads\/sites\/2\/2025\/12\/Document-prepare-par-architecte-e1774465873413.png\" class=\"attachment-large size-large wp-post-image\" alt=\"\" srcset=\"https:\/\/www.oaq.com\/ressources\/wp-content\/uploads\/sites\/2\/2025\/12\/Document-prepare-par-architecte-e1774465873413.png 806w, https:\/\/www.oaq.com\/ressources\/wp-content\/uploads\/sites\/2\/2025\/12\/Document-prepare-par-architecte-e1774465873413-300x232.png 300w, https:\/\/www.oaq.com\/ressources\/wp-content\/uploads\/sites\/2\/2025\/12\/Document-prepare-par-architecte-e1774465873413-768x594.png 768w\" sizes=\"auto, (max-width: 806px) 100vw, 806px\" \/>    <\/div>\n    <div class=\"post-item__content-wrapper\">\n                    <p class=\"post-item__date\">25 mars 2026<\/p>\n            <p class=\"post-item__title\">Quelles annotations doivent appara\u00eetre sur tout document\u00a0pr\u00e9par\u00e9\u00a0par l\u2019architecte?<\/p>\n      <p class=\"post-item__read-more\">\n        <span class=\"read-more-label\">Lire la suite<\/span>\n        <span class=\"read-more-icon icon-chevron-right\"><\/span>\n      <\/p>\n    <\/div>\n  <\/a>\n<\/div>\n\n<div class=\"post-item post-item--faq\">\n  <a class=\"post-item__inner\" href=\"https:\/\/www.oaq.com\/ressources\/faq\/comment-evaluer-les-honoraires-professionnels\/\">\n    <div class=\"post-item__thumbnail-wrapper\">\n      <img loading=\"lazy\" decoding=\"async\" width=\"1024\" height=\"683\" src=\"https:\/\/www.oaq.com\/ressources\/wp-content\/uploads\/sites\/2\/2026\/03\/evaluer-honoraires-1024x683.jpg\" class=\"attachment-large size-large wp-post-image\" alt=\"\" srcset=\"https:\/\/www.oaq.com\/ressources\/wp-content\/uploads\/sites\/2\/2026\/03\/evaluer-honoraires-1024x683.jpg 1024w, https:\/\/www.oaq.com\/ressources\/wp-content\/uploads\/sites\/2\/2026\/03\/evaluer-honoraires-300x200.jpg 300w, https:\/\/www.oaq.com\/ressources\/wp-content\/uploads\/sites\/2\/2026\/03\/evaluer-honoraires-768x512.jpg 768w, https:\/\/www.oaq.com\/ressources\/wp-content\/uploads\/sites\/2\/2026\/03\/evaluer-honoraires-e1774465717450.jpg 900w\" sizes=\"auto, (max-width: 1024px) 100vw, 1024px\" \/>    <\/div>\n    <div class=\"post-item__content-wrapper\">\n                    <p class=\"post-item__date\">25 mars 2026<\/p>\n            <p class=\"post-item__title\">Comment \u00e9valuer les honoraires professionnels ?<\/p>\n      <p class=\"post-item__read-more\">\n        <span class=\"read-more-label\">Lire la suite<\/span>\n        <span class=\"read-more-icon icon-chevron-right\"><\/span>\n      <\/p>\n    <\/div>\n  <\/a>\n<\/div>\n\n<div class=\"post-item post-item--faq\">\n  <a class=\"post-item__inner\" href=\"https:\/\/www.oaq.com\/ressources\/faq\/doit-on-aviser-son-ou-sa-collegue-lorsquon-reprend-un-dossier\/\">\n    <div class=\"post-item__thumbnail-wrapper\">\n      <img loading=\"lazy\" decoding=\"async\" width=\"1024\" height=\"636\" src=\"https:\/\/www.oaq.com\/ressources\/wp-content\/uploads\/sites\/2\/2026\/02\/appel-telephonique-e1774463466248-1024x636.jpg\" class=\"attachment-large size-large wp-post-image\" alt=\"\" srcset=\"https:\/\/www.oaq.com\/ressources\/wp-content\/uploads\/sites\/2\/2026\/02\/appel-telephonique-e1774463466248-1024x636.jpg 1024w, https:\/\/www.oaq.com\/ressources\/wp-content\/uploads\/sites\/2\/2026\/02\/appel-telephonique-e1774463466248-300x186.jpg 300w, https:\/\/www.oaq.com\/ressources\/wp-content\/uploads\/sites\/2\/2026\/02\/appel-telephonique-e1774463466248-768x477.jpg 768w, https:\/\/www.oaq.com\/ressources\/wp-content\/uploads\/sites\/2\/2026\/02\/appel-telephonique-e1774463466248.jpg 1192w\" sizes=\"auto, (max-width: 1024px) 100vw, 1024px\" \/>    <\/div>\n    <div class=\"post-item__content-wrapper\">\n                    <p class=\"post-item__date\">25 mars 2026<\/p>\n            <p class=\"post-item__title\">Doit-on aviser son ou sa coll\u00e8gue lorsqu\u2019on reprend un dossier?<\/p>\n      <p class=\"post-item__read-more\">\n        <span class=\"read-more-label\">Lire la suite<\/span>\n        <span class=\"read-more-icon icon-chevron-right\"><\/span>\n      <\/p>\n    <\/div>\n  <\/a>\n<\/div>\n\n<div class=\"post-item post-item--faq\">\n  <a class=\"post-item__inner\" href=\"https:\/\/www.oaq.com\/ressources\/faq\/est-ce-que-larchitecte-peut-resilier-son-contrat-avec-le-client\/\">\n    <div class=\"post-item__thumbnail-wrapper\">\n      <img loading=\"lazy\" decoding=\"async\" width=\"1024\" height=\"708\" src=\"https:\/\/www.oaq.com\/ressources\/wp-content\/uploads\/sites\/2\/2026\/03\/resilier-contrat-e1774462626612-1024x708.jpg\" class=\"attachment-large size-large wp-post-image\" alt=\"\" srcset=\"https:\/\/www.oaq.com\/ressources\/wp-content\/uploads\/sites\/2\/2026\/03\/resilier-contrat-e1774462626612-1024x708.jpg 1024w, https:\/\/www.oaq.com\/ressources\/wp-content\/uploads\/sites\/2\/2026\/03\/resilier-contrat-e1774462626612-300x207.jpg 300w, https:\/\/www.oaq.com\/ressources\/wp-content\/uploads\/sites\/2\/2026\/03\/resilier-contrat-e1774462626612-768x531.jpg 768w, https:\/\/www.oaq.com\/ressources\/wp-content\/uploads\/sites\/2\/2026\/03\/resilier-contrat-e1774462626612.jpg 1110w\" sizes=\"auto, (max-width: 1024px) 100vw, 1024px\" \/>    <\/div>\n    <div class=\"post-item__content-wrapper\">\n                    <p class=\"post-item__date\">25 mars 2026<\/p>\n            <p class=\"post-item__title\">Est-ce que l\u2019architecte peut r\u00e9silier son contrat avec le client?<\/p>\n      <p class=\"post-item__read-more\">\n        <span class=\"read-more-label\">Lire la suite<\/span>\n        <span class=\"read-more-icon icon-chevron-right\"><\/span>\n      <\/p>\n    <\/div>\n  <\/a>\n<\/div>\n\n<div class=\"post-item post-item--faq\">\n  <a class=\"post-item__inner\" href=\"https:\/\/www.oaq.com\/ressources\/faq\/que-doit-faire-larchitecte-lorsquun-appel-doffres-public-comporte-des-clauses-contractuelles-defavorables-ou-non-assurables\/\">\n    <div class=\"post-item__thumbnail-wrapper\">\n      <img loading=\"lazy\" decoding=\"async\" width=\"1024\" height=\"683\" src=\"https:\/\/www.oaq.com\/ressources\/wp-content\/uploads\/sites\/2\/2026\/03\/homme-regarde-son-ecran-1024x683.jpg\" class=\"attachment-large size-large wp-post-image\" alt=\"\" srcset=\"https:\/\/www.oaq.com\/ressources\/wp-content\/uploads\/sites\/2\/2026\/03\/homme-regarde-son-ecran-1024x683.jpg 1024w, https:\/\/www.oaq.com\/ressources\/wp-content\/uploads\/sites\/2\/2026\/03\/homme-regarde-son-ecran-300x200.jpg 300w, https:\/\/www.oaq.com\/ressources\/wp-content\/uploads\/sites\/2\/2026\/03\/homme-regarde-son-ecran-768x512.jpg 768w, https:\/\/www.oaq.com\/ressources\/wp-content\/uploads\/sites\/2\/2026\/03\/homme-regarde-son-ecran-e1774377811922.jpg 900w\" sizes=\"auto, (max-width: 1024px) 100vw, 1024px\" \/>    <\/div>\n    <div class=\"post-item__content-wrapper\">\n                    <p class=\"post-item__date\">24 mars 2026<\/p>\n            <p class=\"post-item__title\">Que doit faire l\u2019architecte lorsqu\u2019un appel d\u2019offres public comporte des clauses contractuelles d\u00e9favorables ou non assurables?<\/p>\n      <p class=\"post-item__read-more\">\n        <span class=\"read-more-label\">Lire la suite<\/span>\n        <span class=\"read-more-icon icon-chevron-right\"><\/span>\n      <\/p>\n    <\/div>\n  <\/a>\n<\/div>\n    <\/div>\n    <div class=\"block-listing__pagination\">\n      <div class=\"facetwp-facet facetwp-facet-pagination facetwp-type-pager\" data-name=\"pagination\" data-type=\"pager\"><\/div>    <\/div>\n<\/section>\n","protected":false},"excerpt":{"rendered":"","protected":false},"author":1,"featured_media":0,"parent":0,"menu_order":0,"comment_status":"closed","ping_status":"closed","template":"","meta":{"_acf_changed":false,"_relevanssi_hide_post":"","_relevanssi_hide_content":"","_relevanssi_pin_for_all":"","_relevanssi_pin_keywords":"","_relevanssi_unpin_keywords":"","_relevanssi_related_keywords":"","_relevanssi_related_include_ids":"","_relevanssi_related_exclude_ids":"","_relevanssi_related_no_append":"","_relevanssi_related_not_related":"","_relevanssi_related_posts":"1","_relevanssi_noindex_reason":"","footnotes":""},"class_list":["post-15","page","type-page","status-publish","hentry"],"acf":[],"yoast_head":"<!-- This site is optimized with the Yoast SEO plugin v27.2 - https:\/\/yoast.com\/product\/yoast-seo-wordpress\/ -->\n<title>FAQ - Espace Ressources<\/title>\n<meta name=\"robots\" content=\"index, follow, max-snippet:-1, max-image-preview:large, max-video-preview:-1\" \/>\n<link rel=\"canonical\" href=\"https:\/\/www.oaq.com\/ressources\/faq\/\" \/>\n<meta property=\"og:locale\" content=\"fr_CA\" \/>\n<meta property=\"og:type\" content=\"article\" \/>\n<meta property=\"og:title\" content=\"FAQ - Espace Ressources\" \/>\n<meta property=\"og:url\" content=\"https:\/\/www.oaq.com\/ressources\/faq\/\" \/>\n<meta property=\"og:site_name\" content=\"Espace Ressources\" \/>\n<meta property=\"article:modified_time\" content=\"2025-12-04T20:26:39+00:00\" \/>\n<meta name=\"twitter:card\" content=\"summary_large_image\" \/>\n<script type=\"application\/ld+json\" class=\"yoast-schema-graph\">{\"@context\":\"https:\/\/schema.org\",\"@graph\":[{\"@type\":\"WebPage\",\"@id\":\"https:\/\/www.oaq.com\/ressources\/faq\/\",\"url\":\"https:\/\/www.oaq.com\/ressources\/faq\/\",\"name\":\"FAQ - Espace Ressources\",\"isPartOf\":{\"@id\":\"https:\/\/www.oaq.com\/ressources\/#website\"},\"datePublished\":\"2025-11-03T22:14:11+00:00\",\"dateModified\":\"2025-12-04T20:26:39+00:00\",\"breadcrumb\":{\"@id\":\"https:\/\/www.oaq.com\/ressources\/faq\/#breadcrumb\"},\"inLanguage\":\"fr-CA\",\"potentialAction\":[{\"@type\":\"ReadAction\",\"target\":[\"https:\/\/www.oaq.com\/ressources\/faq\/\"]}]},{\"@type\":\"BreadcrumbList\",\"@id\":\"https:\/\/www.oaq.com\/ressources\/faq\/#breadcrumb\",\"itemListElement\":[{\"@type\":\"ListItem\",\"position\":1,\"name\":\"Accueil\",\"item\":\"https:\/\/www.oaq.com\/ressources\/\"},{\"@type\":\"ListItem\",\"position\":2,\"name\":\"FAQ\"}]},{\"@type\":\"WebSite\",\"@id\":\"https:\/\/www.oaq.com\/ressources\/#website\",\"url\":\"https:\/\/www.oaq.com\/ressources\/\",\"name\":\"Espace Ressources\",\"description\":\"\",\"potentialAction\":[{\"@type\":\"SearchAction\",\"target\":{\"@type\":\"EntryPoint\",\"urlTemplate\":\"https:\/\/www.oaq.com\/ressources\/?s={search_term_string}\"},\"query-input\":{\"@type\":\"PropertyValueSpecification\",\"valueRequired\":true,\"valueName\":\"search_term_string\"}}],\"inLanguage\":\"fr-CA\"}]}<\/script>\n<!-- \/ Yoast SEO plugin. -->","yoast_head_json":{"title":"FAQ - Espace Ressources","robots":{"index":"index","follow":"follow","max-snippet":"max-snippet:-1","max-image-preview":"max-image-preview:large","max-video-preview":"max-video-preview:-1"},"canonical":"https:\/\/www.oaq.com\/ressources\/faq\/","og_locale":"fr_CA","og_type":"article","og_title":"FAQ - Espace Ressources","og_url":"https:\/\/www.oaq.com\/ressources\/faq\/","og_site_name":"Espace Ressources","article_modified_time":"2025-12-04T20:26:39+00:00","twitter_card":"summary_large_image","schema":{"@context":"https:\/\/schema.org","@graph":[{"@type":"WebPage","@id":"https:\/\/www.oaq.com\/ressources\/faq\/","url":"https:\/\/www.oaq.com\/ressources\/faq\/","name":"FAQ - Espace Ressources","isPartOf":{"@id":"https:\/\/www.oaq.com\/ressources\/#website"},"datePublished":"2025-11-03T22:14:11+00:00","dateModified":"2025-12-04T20:26:39+00:00","breadcrumb":{"@id":"https:\/\/www.oaq.com\/ressources\/faq\/#breadcrumb"},"inLanguage":"fr-CA","potentialAction":[{"@type":"ReadAction","target":["https:\/\/www.oaq.com\/ressources\/faq\/"]}]},{"@type":"BreadcrumbList","@id":"https:\/\/www.oaq.com\/ressources\/faq\/#breadcrumb","itemListElement":[{"@type":"ListItem","position":1,"name":"Accueil","item":"https:\/\/www.oaq.com\/ressources\/"},{"@type":"ListItem","position":2,"name":"FAQ"}]},{"@type":"WebSite","@id":"https:\/\/www.oaq.com\/ressources\/#website","url":"https:\/\/www.oaq.com\/ressources\/","name":"Espace Ressources","description":"","potentialAction":[{"@type":"SearchAction","target":{"@type":"EntryPoint","urlTemplate":"https:\/\/www.oaq.com\/ressources\/?s={search_term_string}"},"query-input":{"@type":"PropertyValueSpecification","valueRequired":true,"valueName":"search_term_string"}}],"inLanguage":"fr-CA"}]}},"_links":{"self":[{"href":"https:\/\/www.oaq.com\/ressources\/wp-json\/wp\/v2\/pages\/15","targetHints":{"allow":["GET"]}}],"collection":[{"href":"https:\/\/www.oaq.com\/ressources\/wp-json\/wp\/v2\/pages"}],"about":[{"href":"https:\/\/www.oaq.com\/ressources\/wp-json\/wp\/v2\/types\/page"}],"author":[{"embeddable":true,"href":"https:\/\/www.oaq.com\/ressources\/wp-json\/wp\/v2\/users\/1"}],"replies":[{"embeddable":true,"href":"https:\/\/www.oaq.com\/ressources\/wp-json\/wp\/v2\/comments?post=15"}],"version-history":[{"count":3,"href":"https:\/\/www.oaq.com\/ressources\/wp-json\/wp\/v2\/pages\/15\/revisions"}],"predecessor-version":[{"id":827,"href":"https:\/\/www.oaq.com\/ressources\/wp-json\/wp\/v2\/pages\/15\/revisions\/827"}],"wp:attachment":[{"href":"https:\/\/www.oaq.com\/ressources\/wp-json\/wp\/v2\/media?parent=15"}],"curies":[{"name":"wp","href":"https:\/\/api.w.org\/{rel}","templated":true}]}}