{"id":291,"date":"2025-12-01T17:36:10","date_gmt":"2025-12-01T22:36:10","guid":{"rendered":"https:\/\/www.oaq.com\/ressources\/?page_id=291"},"modified":"2026-03-19T09:45:52","modified_gmt":"2026-03-19T13:45:52","slug":"guide-mieux-concevoir","status":"publish","type":"page","link":"https:\/\/www.oaq.com\/ressources\/guide-mieux-concevoir\/","title":{"rendered":"Guide Mieux concevoir"},"content":{"rendered":"\n<div class=\"wp-block-columns is-layout-flex wp-container-core-columns-is-layout-28f84493 wp-block-columns-is-layout-flex\">\n<div class=\"wp-block-column is-layout-flow wp-block-column-is-layout-flow\">\n<p class=\"is-style-intro\"><strong>Le Guide Mieux concevoir pr\u00e9sente les principes directeurs de l\u2019excellence en mati\u00e8re de conception au 21<sup>e<\/sup>\u202fsi\u00e8cle. S\u2019appuyant sur 10\u202fprincipes, il vise \u00e0 susciter la r\u00e9flexion et le progr\u00e8s vers un environnement b\u00e2ti carboneutre, sain, juste, r\u00e9silient et \u00e9quitable.<\/strong><\/p>\n<\/div>\n\n\n\n<div class=\"wp-block-column is-layout-flow wp-block-column-is-layout-flow\">\n<figure class=\"wp-block-image size-full\"><img loading=\"lazy\" decoding=\"async\" width=\"900\" height=\"675\" src=\"https:\/\/www.oaq.com\/ressources\/wp-content\/uploads\/sites\/2\/2025\/11\/Toits-verts-photo-aerienne-Accueil.jpg\" alt=\"\" class=\"wp-image-287\" srcset=\"https:\/\/www.oaq.com\/ressources\/wp-content\/uploads\/sites\/2\/2025\/11\/Toits-verts-photo-aerienne-Accueil.jpg 900w, https:\/\/www.oaq.com\/ressources\/wp-content\/uploads\/sites\/2\/2025\/11\/Toits-verts-photo-aerienne-Accueil-300x225.jpg 300w, https:\/\/www.oaq.com\/ressources\/wp-content\/uploads\/sites\/2\/2025\/11\/Toits-verts-photo-aerienne-Accueil-768x576.jpg 768w\" sizes=\"auto, (max-width: 900px) 100vw, 900px\" \/><figcaption class=\"wp-element-caption\">Photo : iStock\/very good<\/figcaption><\/figure>\n<\/div>\n<\/div>\n\n\n\n<h2 class=\"wp-block-heading\">\u00c9tablir la norme pour une conception durable, r\u00e9siliente et inclusive&nbsp;<\/h2>\n\n\n\n<p>Le Guide Mieux concevoir interpelle les architectes en leur proposant une vision de ce que la profession aspire \u00e0 accomplir. Les 10\u202fprincipes qui s\u2019y rattachent sont pertinents pour chaque architecte, chaque client et chaque projet, peu importe sa taille, sa typologie et son ambition.&nbsp;<\/p>\n\n\n\n<div class=\"wp-block-buttons is-layout-flex wp-block-buttons-is-layout-flex\">\n<div class=\"wp-block-button\"><a class=\"wp-block-button__link wp-element-button\" href=\"https:\/\/www.oaq.com\/ressources\/?page_id=301\">Voir l&rsquo;introduction<\/a><\/div>\n<\/div>\n\n\n\n<section class=\"pages-index alignwide\"\n>\n    <div class=\"pages-index__heading\">\n      <h2 class=\"pages-index__title\">Votre guide de conception du changement<\/h2>\n          <\/div>\n          <div class=\"pages-index__grid-wrapper\">\n        <div class=\"pages-index__grid\">\n                      <a class=\"pages-index__item\" href=\"https:\/\/www.oaq.com\/ressources\/guide-mieux-concevoir\/concevoir-pour-lintegration\/\">\n              <span class=\"pages-index__item__icon\">\n                <span class=\"icon-integration\"><\/span>                <\/span>\n               \n              <p class=\"pages-index__item__title\"><span>Concevoir pour l&#039;int\u00e9gration<\/span><\/p>\n              <p class=\"pages-index__item__description\">Une conception de qualit\u00e9 permet d\u2019enrichir n\u2019importe quel projet, aussi modeste soit-il, gr\u00e2ce \u00e0 un processus r\u00e9fl\u00e9chi qui allie beaut\u00e9 et fonctionnalit\u00e9. <\/p>\n              <p class=\"pages-index__item__arrow\">\n                <span class=\"icon-chevron-right\"><\/span>\n              <\/p>\n            <\/a>\n                      <a class=\"pages-index__item\" href=\"https:\/\/www.oaq.com\/ressources\/guide-mieux-concevoir\/concevoir-pour-des-collectivites-equitables\/\">\n              <span class=\"pages-index__item__icon\">\n                <span class=\"icon-communaute-equitable\"><\/span>                <\/span>\n               \n              <p class=\"pages-index__item__title\"><span>Concevoir pour des collectivit\u00e9s \u00e9quitables<\/span><\/p>\n              <p class=\"pages-index__item__description\">Vos choix de conception touchent plus que le ou la propri\u00e9taire d\u2019un b\u00e2timent et les personnes qui l\u2019occupent dans le pr\u00e9sent&#8230;<\/p>\n              <p class=\"pages-index__item__arrow\">\n                <span class=\"icon-chevron-right\"><\/span>\n              <\/p>\n            <\/a>\n                      <a class=\"pages-index__item\" href=\"https:\/\/www.oaq.com\/ressources\/guide-mieux-concevoir\/concevoir-pour-les-ecosystemes\/\">\n              <span class=\"pages-index__item__icon\">\n                <span class=\"icon-ecosystem\"><\/span>                <\/span>\n               \n              <p class=\"pages-index__item__title\"><span>Concevoir pour \u2028les \u00e9cosyst\u00e8mes<\/span><\/p>\n              <p class=\"pages-index__item__description\">Une conception de qualit\u00e9 profite mutuellement aux \u00eatres humains et non humains. out ce que nous concevons a des cons\u00e9quences directes sur les \u00e9cosyst\u00e8mes du site&#8230;<\/p>\n              <p class=\"pages-index__item__arrow\">\n                <span class=\"icon-chevron-right\"><\/span>\n              <\/p>\n            <\/a>\n                      <a class=\"pages-index__item\" href=\"https:\/\/www.oaq.com\/ressources\/guide-mieux-concevoir\/concevoir-pour-leau\/\">\n              <span class=\"pages-index__item__icon\">\n                <span class=\"icon-eau\"><\/span>                <\/span>\n               \n              <p class=\"pages-index__item__title\"><span>Concevoir pour \u2028l&#039;eau<\/span><\/p>\n              <p class=\"pages-index__item__description\">Une conception de qualit\u00e9 permet de pr\u00e9server la qualit\u00e9 de l\u2019eau, voire de l\u2019am\u00e9liorer, car il s\u2019agit d\u2019une ressource pr\u00e9cieuse.\u00a0\u00a0<\/p>\n              <p class=\"pages-index__item__arrow\">\n                <span class=\"icon-chevron-right\"><\/span>\n              <\/p>\n            <\/a>\n                      <a class=\"pages-index__item\" href=\"https:\/\/www.oaq.com\/ressources\/guide-mieux-concevoir\/concevoir-pour-leconomie\/\">\n              <span class=\"pages-index__item__icon\">\n                <span class=\"icon-economie\"><\/span>                <\/span>\n               \n              <p class=\"pages-index__item__title\"><span>Concevoir pour l&#039;\u00e9conomie<\/span><\/p>\n              <p class=\"pages-index__item__description\">Une conception de qualit\u00e9 apporte une valeur \u00e9conomique ajout\u00e9e aux propri\u00e9taires, aux occupantes et occupants, \u00e0 la collectivit\u00e9 et \u00e0 la plan\u00e8te&#8230;<\/p>\n              <p class=\"pages-index__item__arrow\">\n                <span class=\"icon-chevron-right\"><\/span>\n              <\/p>\n            <\/a>\n                      <a class=\"pages-index__item\" href=\"https:\/\/www.oaq.com\/ressources\/guide-mieux-concevoir\/concevoir-pour-lenergie\/\">\n              <span class=\"pages-index__item__icon\">\n                 <svg xmlns=\"http:\/\/www.w3.org\/2000\/svg\" height=\"48px\" viewBox=\"0 -960 960 960\" width=\"48px\" fill=\"#0d3d3a\"><path d=\"m393-165 279-335H492l36-286-253 366h154l-36 255Zm-73 85 40-280H160l360-520h80l-40 320h240L400-80h-80Zm154-396Z\"><\/path><\/svg>                 <\/span>\n               \n              <p class=\"pages-index__item__title\"><span>Concevoir pour l&#039;\u00e9nergie<\/span><\/p>\n              <p class=\"pages-index__item__description\">Une conception de qualit\u00e9 r\u00e9duit la consommation d\u2019\u00e9nergie et \u00e9limine la d\u00e9pendance \u00e0 l\u2019\u00e9gard des combustibles fossiles&#8230;<\/p>\n              <p class=\"pages-index__item__arrow\">\n                <span class=\"icon-chevron-right\"><\/span>\n              <\/p>\n            <\/a>\n                      <a class=\"pages-index__item\" href=\"https:\/\/www.oaq.com\/ressources\/guide-mieux-concevoir\/concevoir-pour-le-bien-etre\/\">\n              <span class=\"pages-index__item__icon\">\n                <span class=\"icon-bien-etre\"><\/span>                <\/span>\n               \n              <p class=\"pages-index__item__title\"><span>Concevoir pour le bien-\u00eatre<\/span><\/p>\n              <p class=\"pages-index__item__description\">Une conception de qualit\u00e9 favorise la sant\u00e9 et le bien-\u00eatre de tout le monde,  en tenant compte des r\u00e9percussions physiques, mentales et \u00e9motionnelles&#8230;<\/p>\n              <p class=\"pages-index__item__arrow\">\n                <span class=\"icon-chevron-right\"><\/span>\n              <\/p>\n            <\/a>\n                      <a class=\"pages-index__item\" href=\"https:\/\/www.oaq.com\/ressources\/guide-mieux-concevoir\/concevoir-pour-les-ressources\/\">\n              <span class=\"pages-index__item__icon\">\n                <span class=\"icon-ressources\"><\/span>                <\/span>\n               \n              <p class=\"pages-index__item__title\"><span>Concevoir pour les ressources<\/span><\/p>\n              <p class=\"pages-index__item__description\">Une conception de qualit\u00e9 repose sur une s\u00e9lection r\u00e9fl\u00e9chie de mat\u00e9riaux et de ressources, dans le souci d\u2019\u00e9quilibrer les priorit\u00e9s&#8230;<\/p>\n              <p class=\"pages-index__item__arrow\">\n                <span class=\"icon-chevron-right\"><\/span>\n              <\/p>\n            <\/a>\n                      <a class=\"pages-index__item\" href=\"https:\/\/www.oaq.com\/ressources\/guide-mieux-concevoir\/concevoir-pour-le-changement\/\">\n              <span class=\"pages-index__item__icon\">\n                <span class=\"icon-changement\"><\/span>                <\/span>\n               \n              <p class=\"pages-index__item__title\"><span>Concevoir pour le changement<\/span><\/p>\n              <p class=\"pages-index__item__description\">Une conception de qualit\u00e9 est r\u00e9siliente et peut \u00eatre adapt\u00e9e au fil du temps, ce qui r\u00e9duit la vuln\u00e9rabilit\u00e9 du b\u00e2timent et les risques qu\u2019il court&#8230;<\/p>\n              <p class=\"pages-index__item__arrow\">\n                <span class=\"icon-chevron-right\"><\/span>\n              <\/p>\n            <\/a>\n                      <a class=\"pages-index__item\" href=\"https:\/\/www.oaq.com\/ressources\/guide-mieux-concevoir\/concevoir-pour-la-decouverte\/\">\n              <span class=\"pages-index__item__icon\">\n                <span class=\"icon-decouverte\"><\/span>                <\/span>\n               \n              <p class=\"pages-index__item__title\"><span>Concevoir pour la d\u00e9couverte<\/span><\/p>\n              <p class=\"pages-index__item__description\">Chaque projet de conception est une occasion unique d\u2019appliquer les le\u00e7ons tir\u00e9es de projets pr\u00e9c\u00e9dents&#8230;<\/p>\n              <p class=\"pages-index__item__arrow\">\n                <span class=\"icon-chevron-right\"><\/span>\n              <\/p>\n            <\/a>\n                  <\/div>\n      <\/div>\n        <div class=\"pages-index__footer\">\n              <p>Une liste de termes et de d\u00e9finitions vous permettra de mieux comprendre ces principes de conception et leurs objectifs. <\/p>\n                    <a href='https:\/\/www.oaq.com\/ressources\/guide-mieux-concevoir\/glossaire\/' class=\"btn\">Consulter le glossaire<\/a>          <\/div>\n<\/section>\n\n\n\n<h2 class=\"wp-block-heading has-text-align-center\"><\/h2>\n\n\n\n<div class=\"wp-block-columns is-layout-flex wp-container-core-columns-is-layout-28f84493 wp-block-columns-is-layout-flex\">\n<div class=\"wp-block-column is-layout-flow wp-block-column-is-layout-flow\">\n<h2 class=\"wp-block-heading\">Guide Mieux concevoir\u202f\u2013 infographie&nbsp;<\/h2>\n\n\n\n<p>T\u00e9l\u00e9chargez cette infographie pour d\u00e9couvrir comment, au d\u00e9but de chaque projet, vous et votre client pouvez mettre en \u0153uvre le Guide Mieux concevoir et l\u2019int\u00e9grer aux travaux en fonction de l\u2019envergure du projet.&nbsp;&nbsp;&nbsp;<\/p>\n\n\n\n<div class=\"wp-block-buttons is-layout-flex wp-block-buttons-is-layout-flex\">\n<div class=\"wp-block-button download\"><a class=\"wp-block-button__link wp-element-button\" href=\"https:\/\/www.oaq.com\/ressources\/wp-content\/uploads\/sites\/2\/2025\/11\/Infographie-Guide-Mieux-concevoir.pdf\">T\u00e9l\u00e9charger<\/a><\/div>\n<\/div>\n<\/div>\n\n\n\n<div class=\"wp-block-column is-layout-flow wp-block-column-is-layout-flow\">\n<h2 class=\"wp-block-heading\">Cours de l&rsquo;AIAU : An Introduction to the AIA Framework for Design Excellence (en anglais)<\/h2>\n\n\n\n<p>D\u00e9couvrez les 10 principes fondateurs de l\u2019excellence en design pour le 21\u1d49&nbsp;si\u00e8cle. Ce cours d\u2019introduction explore l\u2019origine, l\u2019\u00e9volution et la port\u00e9e de chacun de ces principes, afin de vous guider vers un environnement b\u00e2ti carboneutre, sain, juste, r\u00e9silient et \u00e9quitable.<\/p>\n\n\n\n<div class=\"wp-block-buttons is-layout-flex wp-block-buttons-is-layout-flex\">\n<div class=\"wp-block-button\"><a class=\"wp-block-button__link wp-element-button\" href=\"https:\/\/aiau.aia.org\/theme\/aiau\/details.php?id=1149\">Inscription<\/a><\/div>\n<\/div>\n<\/div>\n<\/div>\n\n\n\n<p><em>Reproduit avec la permission de l\u2019American Institute of Architects, 1735 New York Avenue, N.W; Washington, D.C. 20006.<\/em>&nbsp;<\/p>\n\n\n\n<p><em>Site original : <\/em><a href=\"https:\/\/www.aia.org\/design-excellence\/aia-framework-design-excellence\" target=\"_blank\" rel=\"noreferrer noopener\"><em>AIA Framework for Design Excellence<\/em><\/a><em><\/em>&nbsp;<\/p>\n","protected":false},"excerpt":{"rendered":"<p>Le Guide Mieux concevoir pr\u00e9sente les principes directeurs de l\u2019excellence en mati\u00e8re de conception au 21e\u202fsi\u00e8cle. S\u2019appuyant sur 10\u202fprincipes, il&hellip;<\/p>\n","protected":false},"author":4,"featured_media":287,"parent":0,"menu_order":0,"comment_status":"closed","ping_status":"closed","template":"","meta":{"_acf_changed":false,"_relevanssi_hide_post":"","_relevanssi_hide_content":"","_relevanssi_pin_for_all":"","_relevanssi_pin_keywords":"","_relevanssi_unpin_keywords":"","_relevanssi_related_keywords":"","_relevanssi_related_include_ids":"","_relevanssi_related_exclude_ids":"","_relevanssi_related_no_append":"","_relevanssi_related_not_related":"","_relevanssi_related_posts":"19","_relevanssi_noindex_reason":"","footnotes":""},"class_list":["post-291","page","type-page","status-publish","has-post-thumbnail","hentry"],"acf":[],"yoast_head":"<!-- This site is optimized with the Yoast SEO plugin v27.2 - https:\/\/yoast.com\/product\/yoast-seo-wordpress\/ -->\n<title>Guide Mieux concevoir - Espace Ressources<\/title>\n<meta name=\"robots\" content=\"index, follow, max-snippet:-1, max-image-preview:large, max-video-preview:-1\" \/>\n<link rel=\"canonical\" href=\"https:\/\/www.oaq.com\/ressources\/guide-mieux-concevoir\/\" \/>\n<meta property=\"og:locale\" content=\"fr_CA\" \/>\n<meta property=\"og:type\" content=\"article\" \/>\n<meta property=\"og:title\" content=\"Guide Mieux concevoir - Espace Ressources\" \/>\n<meta property=\"og:description\" content=\"Le Guide Mieux concevoir pr\u00e9sente les principes directeurs de l\u2019excellence en mati\u00e8re de conception au 21e\u202fsi\u00e8cle. S\u2019appuyant sur 10\u202fprincipes, il&hellip;\" \/>\n<meta property=\"og:url\" content=\"https:\/\/www.oaq.com\/ressources\/guide-mieux-concevoir\/\" \/>\n<meta property=\"og:site_name\" content=\"Espace Ressources\" \/>\n<meta property=\"article:modified_time\" content=\"2026-03-19T13:45:52+00:00\" \/>\n<meta property=\"og:image\" content=\"https:\/\/www.oaq.com\/ressources\/wp-content\/uploads\/sites\/2\/2025\/11\/Toits-verts-photo-aerienne-Accueil.jpg\" \/>\n\t<meta property=\"og:image:width\" content=\"900\" \/>\n\t<meta property=\"og:image:height\" content=\"675\" \/>\n\t<meta property=\"og:image:type\" content=\"image\/jpeg\" \/>\n<meta name=\"twitter:card\" content=\"summary_large_image\" \/>\n<meta name=\"twitter:label1\" content=\"Estimation du temps de lecture\" \/>\n\t<meta name=\"twitter:data1\" content=\"2 minutes\" \/>\n<script type=\"application\/ld+json\" class=\"yoast-schema-graph\">{\"@context\":\"https:\/\/schema.org\",\"@graph\":[{\"@type\":\"WebPage\",\"@id\":\"https:\/\/www.oaq.com\/ressources\/guide-mieux-concevoir\/\",\"url\":\"https:\/\/www.oaq.com\/ressources\/guide-mieux-concevoir\/\",\"name\":\"Guide Mieux concevoir - Espace Ressources\",\"isPartOf\":{\"@id\":\"https:\/\/www.oaq.com\/ressources\/#website\"},\"primaryImageOfPage\":{\"@id\":\"https:\/\/www.oaq.com\/ressources\/guide-mieux-concevoir\/#primaryimage\"},\"image\":{\"@id\":\"https:\/\/www.oaq.com\/ressources\/guide-mieux-concevoir\/#primaryimage\"},\"thumbnailUrl\":\"https:\/\/www.oaq.com\/ressources\/wp-content\/uploads\/sites\/2\/2025\/11\/Toits-verts-photo-aerienne-Accueil.jpg\",\"datePublished\":\"2025-12-01T22:36:10+00:00\",\"dateModified\":\"2026-03-19T13:45:52+00:00\",\"breadcrumb\":{\"@id\":\"https:\/\/www.oaq.com\/ressources\/guide-mieux-concevoir\/#breadcrumb\"},\"inLanguage\":\"fr-CA\",\"potentialAction\":[{\"@type\":\"ReadAction\",\"target\":[\"https:\/\/www.oaq.com\/ressources\/guide-mieux-concevoir\/\"]}]},{\"@type\":\"ImageObject\",\"inLanguage\":\"fr-CA\",\"@id\":\"https:\/\/www.oaq.com\/ressources\/guide-mieux-concevoir\/#primaryimage\",\"url\":\"https:\/\/www.oaq.com\/ressources\/wp-content\/uploads\/sites\/2\/2025\/11\/Toits-verts-photo-aerienne-Accueil.jpg\",\"contentUrl\":\"https:\/\/www.oaq.com\/ressources\/wp-content\/uploads\/sites\/2\/2025\/11\/Toits-verts-photo-aerienne-Accueil.jpg\",\"width\":900,\"height\":675,\"caption\":\"Photo : iStock\/very good\"},{\"@type\":\"BreadcrumbList\",\"@id\":\"https:\/\/www.oaq.com\/ressources\/guide-mieux-concevoir\/#breadcrumb\",\"itemListElement\":[{\"@type\":\"ListItem\",\"position\":1,\"name\":\"Accueil\",\"item\":\"https:\/\/www.oaq.com\/ressources\/\"},{\"@type\":\"ListItem\",\"position\":2,\"name\":\"Guide Mieux concevoir\"}]},{\"@type\":\"WebSite\",\"@id\":\"https:\/\/www.oaq.com\/ressources\/#website\",\"url\":\"https:\/\/www.oaq.com\/ressources\/\",\"name\":\"Espace Ressources\",\"description\":\"\",\"potentialAction\":[{\"@type\":\"SearchAction\",\"target\":{\"@type\":\"EntryPoint\",\"urlTemplate\":\"https:\/\/www.oaq.com\/ressources\/?s={search_term_string}\"},\"query-input\":{\"@type\":\"PropertyValueSpecification\",\"valueRequired\":true,\"valueName\":\"search_term_string\"}}],\"inLanguage\":\"fr-CA\"}]}<\/script>\n<!-- \/ Yoast SEO plugin. -->","yoast_head_json":{"title":"Guide Mieux concevoir - Espace Ressources","robots":{"index":"index","follow":"follow","max-snippet":"max-snippet:-1","max-image-preview":"max-image-preview:large","max-video-preview":"max-video-preview:-1"},"canonical":"https:\/\/www.oaq.com\/ressources\/guide-mieux-concevoir\/","og_locale":"fr_CA","og_type":"article","og_title":"Guide Mieux concevoir - Espace Ressources","og_description":"Le Guide Mieux concevoir pr\u00e9sente les principes directeurs de l\u2019excellence en mati\u00e8re de conception au 21e\u202fsi\u00e8cle. S\u2019appuyant sur 10\u202fprincipes, il&hellip;","og_url":"https:\/\/www.oaq.com\/ressources\/guide-mieux-concevoir\/","og_site_name":"Espace Ressources","article_modified_time":"2026-03-19T13:45:52+00:00","og_image":[{"width":900,"height":675,"url":"https:\/\/www.oaq.com\/ressources\/wp-content\/uploads\/sites\/2\/2025\/11\/Toits-verts-photo-aerienne-Accueil.jpg","type":"image\/jpeg"}],"twitter_card":"summary_large_image","twitter_misc":{"Estimation du temps de lecture":"2 minutes"},"schema":{"@context":"https:\/\/schema.org","@graph":[{"@type":"WebPage","@id":"https:\/\/www.oaq.com\/ressources\/guide-mieux-concevoir\/","url":"https:\/\/www.oaq.com\/ressources\/guide-mieux-concevoir\/","name":"Guide Mieux concevoir - Espace Ressources","isPartOf":{"@id":"https:\/\/www.oaq.com\/ressources\/#website"},"primaryImageOfPage":{"@id":"https:\/\/www.oaq.com\/ressources\/guide-mieux-concevoir\/#primaryimage"},"image":{"@id":"https:\/\/www.oaq.com\/ressources\/guide-mieux-concevoir\/#primaryimage"},"thumbnailUrl":"https:\/\/www.oaq.com\/ressources\/wp-content\/uploads\/sites\/2\/2025\/11\/Toits-verts-photo-aerienne-Accueil.jpg","datePublished":"2025-12-01T22:36:10+00:00","dateModified":"2026-03-19T13:45:52+00:00","breadcrumb":{"@id":"https:\/\/www.oaq.com\/ressources\/guide-mieux-concevoir\/#breadcrumb"},"inLanguage":"fr-CA","potentialAction":[{"@type":"ReadAction","target":["https:\/\/www.oaq.com\/ressources\/guide-mieux-concevoir\/"]}]},{"@type":"ImageObject","inLanguage":"fr-CA","@id":"https:\/\/www.oaq.com\/ressources\/guide-mieux-concevoir\/#primaryimage","url":"https:\/\/www.oaq.com\/ressources\/wp-content\/uploads\/sites\/2\/2025\/11\/Toits-verts-photo-aerienne-Accueil.jpg","contentUrl":"https:\/\/www.oaq.com\/ressources\/wp-content\/uploads\/sites\/2\/2025\/11\/Toits-verts-photo-aerienne-Accueil.jpg","width":900,"height":675,"caption":"Photo : iStock\/very good"},{"@type":"BreadcrumbList","@id":"https:\/\/www.oaq.com\/ressources\/guide-mieux-concevoir\/#breadcrumb","itemListElement":[{"@type":"ListItem","position":1,"name":"Accueil","item":"https:\/\/www.oaq.com\/ressources\/"},{"@type":"ListItem","position":2,"name":"Guide Mieux concevoir"}]},{"@type":"WebSite","@id":"https:\/\/www.oaq.com\/ressources\/#website","url":"https:\/\/www.oaq.com\/ressources\/","name":"Espace Ressources","description":"","potentialAction":[{"@type":"SearchAction","target":{"@type":"EntryPoint","urlTemplate":"https:\/\/www.oaq.com\/ressources\/?s={search_term_string}"},"query-input":{"@type":"PropertyValueSpecification","valueRequired":true,"valueName":"search_term_string"}}],"inLanguage":"fr-CA"}]}},"_links":{"self":[{"href":"https:\/\/www.oaq.com\/ressources\/wp-json\/wp\/v2\/pages\/291","targetHints":{"allow":["GET"]}}],"collection":[{"href":"https:\/\/www.oaq.com\/ressources\/wp-json\/wp\/v2\/pages"}],"about":[{"href":"https:\/\/www.oaq.com\/ressources\/wp-json\/wp\/v2\/types\/page"}],"author":[{"embeddable":true,"href":"https:\/\/www.oaq.com\/ressources\/wp-json\/wp\/v2\/users\/4"}],"replies":[{"embeddable":true,"href":"https:\/\/www.oaq.com\/ressources\/wp-json\/wp\/v2\/comments?post=291"}],"version-history":[{"count":8,"href":"https:\/\/www.oaq.com\/ressources\/wp-json\/wp\/v2\/pages\/291\/revisions"}],"predecessor-version":[{"id":2005,"href":"https:\/\/www.oaq.com\/ressources\/wp-json\/wp\/v2\/pages\/291\/revisions\/2005"}],"wp:featuredmedia":[{"embeddable":true,"href":"https:\/\/www.oaq.com\/ressources\/wp-json\/wp\/v2\/media\/287"}],"wp:attachment":[{"href":"https:\/\/www.oaq.com\/ressources\/wp-json\/wp\/v2\/media?parent=291"}],"curies":[{"name":"wp","href":"https:\/\/api.w.org\/{rel}","templated":true}]}}